{"version":"1.0","provider_name":"Interiman Group","provider_url":"https:\/\/www.interiman-group.ch\/de\/","author_name":"mabbet","author_url":"https:\/\/www.interiman-group.ch\/de\/author\/mabbet\/","title":"Medicalis unterst\u00fctzt Pflegekr\u00e4fte w\u00e4hrend der Krise - Interiman Group","type":"rich","width":600,"height":338,"html":"<blockquote class=\"wp-embedded-content\" data-secret=\"kIF5QBwJ1E\"><a href=\"https:\/\/www.interiman-group.ch\/de\/medicalis-unterstuetzt-pflegekraefte-waehrend-der-krise\/\">Medicalis unterst\u00fctzt Pflegekr\u00e4fte w\u00e4hrend der Krise<\/a><\/blockquote><iframe sandbox=\"allow-scripts\" security=\"restricted\" src=\"https:\/\/www.interiman-group.ch\/de\/medicalis-unterstuetzt-pflegekraefte-waehrend-der-krise\/embed\/#?secret=kIF5QBwJ1E\" width=\"600\" height=\"338\" title=\"&#8222;Medicalis unterst\u00fctzt Pflegekr\u00e4fte w\u00e4hrend der Krise&#8220; &#8211; Interiman Group\" data-secret=\"kIF5QBwJ1E\" frameborder=\"0\" marginwidth=\"0\" marginheight=\"0\" scrolling=\"no\" class=\"wp-embedded-content\"><\/iframe><script>\n\/*! This file is auto-generated *\/\n!function(d,l){\"use strict\";l.querySelector&&d.addEventListener&&\"undefined\"!=typeof URL&&(d.wp=d.wp||{},d.wp.receiveEmbedMessage||(d.wp.receiveEmbedMessage=function(e){var t=e.data;if((t||t.secret||t.message||t.value)&&!\/[^a-zA-Z0-9]\/.test(t.secret)){for(var s,r,n,a=l.querySelectorAll('iframe[data-secret=\"'+t.secret+'\"]'),o=l.querySelectorAll('blockquote[data-secret=\"'+t.secret+'\"]'),c=new RegExp(\"^https?:$\",\"i\"),i=0;i<o.length;i++)o[i].style.display=\"none\";for(i=0;i<a.length;i++)s=a[i],e.source===s.contentWindow&&(s.removeAttribute(\"style\"),\"height\"===t.message?(1e3<(r=parseInt(t.value,10))?r=1e3:~~r<200&&(r=200),s.height=r):\"link\"===t.message&&(r=new URL(s.getAttribute(\"src\")),n=new URL(t.value),c.test(n.protocol))&&n.host===r.host&&l.activeElement===s&&(d.top.location.href=t.value))}},d.addEventListener(\"message\",d.wp.receiveEmbedMessage,!1),l.addEventListener(\"DOMContentLoaded\",function(){for(var e,t,s=l.querySelectorAll(\"iframe.wp-embedded-content\"),r=0;r<s.length;r++)(t=(e=s[r]).getAttribute(\"data-secret\"))||(t=Math.random().toString(36).substring(2,12),e.src+=\"#?secret=\"+t,e.setAttribute(\"data-secret\",t)),e.contentWindow.postMessage({message:\"ready\",secret:t},\"*\")},!1)))}(window,document);\n\/\/# sourceURL=https:\/\/www.interiman-group.ch\/wp-includes\/js\/wp-embed.min.js\n<\/script>\n","thumbnail_url":"https:\/\/www.interiman-group.ch\/wp-content\/uploads\/2022\/11\/iStock-1173711966_resize-10.jpg","thumbnail_width":600,"thumbnail_height":400,"description":"Im Zuge der Coronavirus-Pandemie musste Medicalis grosse Flexibilit\u00e4t beweisen, um den Anforderungen seiner Partner in einer noch nie dagewesenen Situation, die sowohl eine menschliche als auch eine organisatorische Herausforderung darstellte, gerecht zu werden. Gl\u00fccklicherweise konnte sich David Paulou, neuer Direktor des auf den Gesundheitsbereich spezialisierten Fachunternehmens, auf ein starkes und engagiertes Team verlassen. Gemeinsam begleiteten [...]Weiterlesen... from"}

Medicalis unterstützt Pflegekräfte während der Krise - Interiman Group

<blockquote class="wp-embedded-content" data-secret="kIF5QBwJ1E"><a href="https://www.interiman-group.ch/de/medicalis-unterstuetzt-pflegekraefte-waehrend-der-krise/">Medicalis unterstützt Pflegekräfte während der Krise</a></blockquote><iframe sandbox="allow-scripts" security="restricted" src="https://www.interiman-group.ch/de/medicalis-unterstuetzt-pflegekraefte-waehrend-der-krise/embed/#?secret=kIF5QBwJ1E" width="600" height="338" title="&#8222;Medicalis unterstützt Pflegekräfte während der Krise&#8220; &#8211; Interiman Group" data-secret="kIF5QBwJ1E" frameborder="0" marginwidth="0" marginheight="0" scrolling="no" class="wp-embedded-content"></iframe><script>
/*! This file is auto-generated */
!function(d,l){"use strict";l.querySelector&&d.addEventListener&&"undefined"!=typeof URL&&(d.wp=d.wp||{},d.wp.receiveEmbedMessage||(d.wp.receiveEmbedMessage=function(e){var t=e.data;if((t||t.secret||t.message||t.value)&&!/[^a-zA-Z0-9]/.test(t.secret)){for(var s,r,n,a=l.querySelectorAll('iframe[data-secret="'+t.secret+'"]'),o=l.querySelectorAll('blockquote[data-secret="'+t.secret+'"]'),c=new RegExp("^https?:$","i"),i=0;i<o.length;i++)o[i].style.display="none";for(i=0;i<a.length;i++)s=a[i],e.source===s.contentWindow&&(s.removeAttribute("style"),"height"===t.message?(1e3<(r=parseInt(t.value,10))?r=1e3:~~r<200&&(r=200),s.height=r):"link"===t.message&&(r=new URL(s.getAttribute("src")),n=new URL(t.value),c.test(n.protocol))&&n.host===r.host&&l.activeElement===s&&(d.top.location.href=t.value))}},d.addEventListener("message",d.wp.receiveEmbedMessage,!1),l.addEventListener("DOMContentLoaded",function(){for(var e,t,s=l.querySelectorAll("iframe.wp-embedded-content"),r=0;r<s.length;r++)(t=(e=s[r]).getAttribute("data-secret"))||(t=Math.random().toString(36).substring(2,12),e.src+="#?secret="+t,e.setAttribute("data-secret",t)),e.contentWindow.postMessage({message:"ready",secret:t},"*")},!1)))}(window,document);
//# sourceURL=https://www.interiman-group.ch/wp-includes/js/wp-embed.min.js
</script>

Im Zuge der Coronavirus-Pandemie musste Medicalis grosse Flexibilität beweisen, um den Anforderungen seiner Partner in einer noch nie dagewesenen Situation, die sowohl eine menschliche als auch eine organisatorische Herausforderung darstellte, gerecht zu werden. Glücklicherweise konnte sich David Paulou, neuer Direktor des auf den Gesundheitsbereich spezialisierten Fachunternehmens, auf ein starkes und engagiertes Team verlassen. Gemeinsam begleiteten [...]Weiterlesen... from
