{"version":"1.0","provider_name":"Interiman Group","provider_url":"https:\/\/www.interiman-group.ch\/de\/","author_name":"mabbet","author_url":"https:\/\/www.interiman-group.ch\/de\/author\/mabbet\/","title":"Medicalis weiht eine Agentur in Neuch\u00e2tel ein - Interiman Group","type":"rich","width":600,"height":338,"html":"<blockquote class=\"wp-embedded-content\" data-secret=\"n6YATx2Agy\"><a href=\"https:\/\/www.interiman-group.ch\/de\/medicalis-weiht-eine-agentur-in-neuchatel-ein\/\">Medicalis weiht eine Agentur in Neuch\u00e2tel ein<\/a><\/blockquote><iframe sandbox=\"allow-scripts\" security=\"restricted\" src=\"https:\/\/www.interiman-group.ch\/de\/medicalis-weiht-eine-agentur-in-neuchatel-ein\/embed\/#?secret=n6YATx2Agy\" width=\"600\" height=\"338\" title=\"&#8222;Medicalis weiht eine Agentur in Neuch\u00e2tel ein&#8220; &#8211; Interiman Group\" data-secret=\"n6YATx2Agy\" frameborder=\"0\" marginwidth=\"0\" marginheight=\"0\" scrolling=\"no\" class=\"wp-embedded-content\"><\/iframe><script>\n\/*! This file is auto-generated *\/\n!function(d,l){\"use strict\";l.querySelector&&d.addEventListener&&\"undefined\"!=typeof URL&&(d.wp=d.wp||{},d.wp.receiveEmbedMessage||(d.wp.receiveEmbedMessage=function(e){var t=e.data;if((t||t.secret||t.message||t.value)&&!\/[^a-zA-Z0-9]\/.test(t.secret)){for(var s,r,n,a=l.querySelectorAll('iframe[data-secret=\"'+t.secret+'\"]'),o=l.querySelectorAll('blockquote[data-secret=\"'+t.secret+'\"]'),c=new RegExp(\"^https?:$\",\"i\"),i=0;i<o.length;i++)o[i].style.display=\"none\";for(i=0;i<a.length;i++)s=a[i],e.source===s.contentWindow&&(s.removeAttribute(\"style\"),\"height\"===t.message?(1e3<(r=parseInt(t.value,10))?r=1e3:~~r<200&&(r=200),s.height=r):\"link\"===t.message&&(r=new URL(s.getAttribute(\"src\")),n=new URL(t.value),c.test(n.protocol))&&n.host===r.host&&l.activeElement===s&&(d.top.location.href=t.value))}},d.addEventListener(\"message\",d.wp.receiveEmbedMessage,!1),l.addEventListener(\"DOMContentLoaded\",function(){for(var e,t,s=l.querySelectorAll(\"iframe.wp-embedded-content\"),r=0;r<s.length;r++)(t=(e=s[r]).getAttribute(\"data-secret\"))||(t=Math.random().toString(36).substring(2,12),e.src+=\"#?secret=\"+t,e.setAttribute(\"data-secret\",t)),e.contentWindow.postMessage({message:\"ready\",secret:t},\"*\")},!1)))}(window,document);\n\/\/# sourceURL=https:\/\/www.interiman-group.ch\/wp-includes\/js\/wp-embed.min.js\n<\/script>\n","thumbnail_url":"https:\/\/www.interiman-group.ch\/wp-content\/uploads\/2022\/11\/AdobeStock_296301421.png","thumbnail_width":1200,"thumbnail_height":630,"description":"Das auf Festanstellungen und tempor\u00e4re Eins\u00e4tze im Gesundheits- und Pflegesektor spezialisierte Unternehmen treibt seine Expansion in der Romandie voran. Seit September 2021 ist das Unternehmen der Interiman Group in Neuch\u00e2tel pr\u00e4sent, mit einer Agentur im Stadtzentrum unter der Leitung von Delphine Houg, die \u00fcber umfangreiche Erfahrung sowohl im Pflegefach als auch im Bereich Teamf\u00fchrung verf\u00fcgt. [...]Weiterlesen... from"}

Medicalis weiht eine Agentur in Neuchâtel ein - Interiman Group

<blockquote class="wp-embedded-content" data-secret="n6YATx2Agy"><a href="https://www.interiman-group.ch/de/medicalis-weiht-eine-agentur-in-neuchatel-ein/">Medicalis weiht eine Agentur in Neuchâtel ein</a></blockquote><iframe sandbox="allow-scripts" security="restricted" src="https://www.interiman-group.ch/de/medicalis-weiht-eine-agentur-in-neuchatel-ein/embed/#?secret=n6YATx2Agy" width="600" height="338" title="&#8222;Medicalis weiht eine Agentur in Neuchâtel ein&#8220; &#8211; Interiman Group" data-secret="n6YATx2Agy" frameborder="0" marginwidth="0" marginheight="0" scrolling="no" class="wp-embedded-content"></iframe><script>
/*! This file is auto-generated */
!function(d,l){"use strict";l.querySelector&&d.addEventListener&&"undefined"!=typeof URL&&(d.wp=d.wp||{},d.wp.receiveEmbedMessage||(d.wp.receiveEmbedMessage=function(e){var t=e.data;if((t||t.secret||t.message||t.value)&&!/[^a-zA-Z0-9]/.test(t.secret)){for(var s,r,n,a=l.querySelectorAll('iframe[data-secret="'+t.secret+'"]'),o=l.querySelectorAll('blockquote[data-secret="'+t.secret+'"]'),c=new RegExp("^https?:$","i"),i=0;i<o.length;i++)o[i].style.display="none";for(i=0;i<a.length;i++)s=a[i],e.source===s.contentWindow&&(s.removeAttribute("style"),"height"===t.message?(1e3<(r=parseInt(t.value,10))?r=1e3:~~r<200&&(r=200),s.height=r):"link"===t.message&&(r=new URL(s.getAttribute("src")),n=new URL(t.value),c.test(n.protocol))&&n.host===r.host&&l.activeElement===s&&(d.top.location.href=t.value))}},d.addEventListener("message",d.wp.receiveEmbedMessage,!1),l.addEventListener("DOMContentLoaded",function(){for(var e,t,s=l.querySelectorAll("iframe.wp-embedded-content"),r=0;r<s.length;r++)(t=(e=s[r]).getAttribute("data-secret"))||(t=Math.random().toString(36).substring(2,12),e.src+="#?secret="+t,e.setAttribute("data-secret",t)),e.contentWindow.postMessage({message:"ready",secret:t},"*")},!1)))}(window,document);
//# sourceURL=https://www.interiman-group.ch/wp-includes/js/wp-embed.min.js
</script>

Das auf Festanstellungen und temporäre Einsätze im Gesundheits- und Pflegesektor spezialisierte Unternehmen treibt seine Expansion in der Romandie voran. Seit September 2021 ist das Unternehmen der Interiman Group in Neuchâtel präsent, mit einer Agentur im Stadtzentrum unter der Leitung von Delphine Houg, die über umfangreiche Erfahrung sowohl im Pflegefach als auch im Bereich Teamführung verfügt. [...]Weiterlesen... from
