{"version":"1.0","provider_name":"Interiman Group","provider_url":"https:\/\/www.interiman-group.ch\/de\/","author_name":"mabbet","author_url":"https:\/\/www.interiman-group.ch\/de\/author\/mabbet\/","title":"Thomas Deburggraeve zum Business Units Director ernannt - Interiman Group","type":"rich","width":600,"height":338,"html":"<blockquote class=\"wp-embedded-content\" data-secret=\"L2bl00UA0J\"><a href=\"https:\/\/www.interiman-group.ch\/de\/thomas-deburggraeve-zum-business-units-director-ernannt\/\">Thomas Deburggraeve zum Business Units Director ernannt<\/a><\/blockquote><iframe sandbox=\"allow-scripts\" security=\"restricted\" src=\"https:\/\/www.interiman-group.ch\/de\/thomas-deburggraeve-zum-business-units-director-ernannt\/embed\/#?secret=L2bl00UA0J\" width=\"600\" height=\"338\" title=\"&#8222;Thomas Deburggraeve zum Business Units Director ernannt&#8220; &#8211; Interiman Group\" data-secret=\"L2bl00UA0J\" frameborder=\"0\" marginwidth=\"0\" marginheight=\"0\" scrolling=\"no\" class=\"wp-embedded-content\"><\/iframe><script>\n\/*! This file is auto-generated *\/\n!function(d,l){\"use strict\";l.querySelector&&d.addEventListener&&\"undefined\"!=typeof URL&&(d.wp=d.wp||{},d.wp.receiveEmbedMessage||(d.wp.receiveEmbedMessage=function(e){var t=e.data;if((t||t.secret||t.message||t.value)&&!\/[^a-zA-Z0-9]\/.test(t.secret)){for(var s,r,n,a=l.querySelectorAll('iframe[data-secret=\"'+t.secret+'\"]'),o=l.querySelectorAll('blockquote[data-secret=\"'+t.secret+'\"]'),c=new RegExp(\"^https?:$\",\"i\"),i=0;i<o.length;i++)o[i].style.display=\"none\";for(i=0;i<a.length;i++)s=a[i],e.source===s.contentWindow&&(s.removeAttribute(\"style\"),\"height\"===t.message?(1e3<(r=parseInt(t.value,10))?r=1e3:~~r<200&&(r=200),s.height=r):\"link\"===t.message&&(r=new URL(s.getAttribute(\"src\")),n=new URL(t.value),c.test(n.protocol))&&n.host===r.host&&l.activeElement===s&&(d.top.location.href=t.value))}},d.addEventListener(\"message\",d.wp.receiveEmbedMessage,!1),l.addEventListener(\"DOMContentLoaded\",function(){for(var e,t,s=l.querySelectorAll(\"iframe.wp-embedded-content\"),r=0;r<s.length;r++)(t=(e=s[r]).getAttribute(\"data-secret\"))||(t=Math.random().toString(36).substring(2,12),e.src+=\"#?secret=\"+t,e.setAttribute(\"data-secret\",t)),e.contentWindow.postMessage({message:\"ready\",secret:t},\"*\")},!1)))}(window,document);\n\/\/# sourceURL=https:\/\/www.interiman-group.ch\/wp-includes\/js\/wp-embed.min.js\n<\/script>\n","thumbnail_url":"https:\/\/www.interiman-group.ch\/wp-content\/uploads\/2021\/12\/Thomas-Deburggraeve-040.jpg","thumbnail_width":1000,"thumbnail_height":667,"description":"Nach der Einf\u00fchrung von TACK TMI International (Switzerland) im Jahr 2017 gibt Thomas Deburggraeve seine Rolle als Gesch\u00e4ftsf\u00fchrer ab und fungiert k\u00fcnftig als Business Units Director f\u00fcr die Gruppe. Im Rahmen seiner neuen Funktion leitet er nun s\u00e4mtliche Aktivit\u00e4ten der Interiman Group im Dienstleistungssektor. Seine Hauptziele? Den Teams die n\u00f6tige Unterst\u00fctzung liefern und Synergien zwischen [...]Weiterlesen... from"}

Nach der Einführung von TACK TMI International (Switzerland) im Jahr 2017 gibt Thomas Deburggraeve seine Rolle als Geschäftsführer ab und fungiert künftig als Business Units Director für die Gruppe. Im Rahmen seiner neuen Funktion leitet er nun sämtliche Aktivitäten der Interiman Group im Dienstleistungssektor. Seine Hauptziele? Den Teams die nötige Unterstützung liefern und Synergien zwischen [...]Weiterlesen... from
