{"version":"1.0","provider_name":"Interiman Group","provider_url":"https:\/\/www.interiman-group.ch\/de\/","author_name":"mabbet","author_url":"https:\/\/www.interiman-group.ch\/de\/author\/mabbet\/","title":"Vorwort des Pr\u00e4sidenten 2022 - Interiman Group","type":"rich","width":600,"height":338,"html":"<blockquote class=\"wp-embedded-content\" data-secret=\"qb2TxBNOg2\"><a href=\"https:\/\/www.interiman-group.ch\/de\/vorwort-des-praesidenten-2022\/\">Vorwort des Pr\u00e4sidenten 2022<\/a><\/blockquote><iframe sandbox=\"allow-scripts\" security=\"restricted\" src=\"https:\/\/www.interiman-group.ch\/de\/vorwort-des-praesidenten-2022\/embed\/#?secret=qb2TxBNOg2\" width=\"600\" height=\"338\" title=\"&#8222;Vorwort des Pr\u00e4sidenten 2022&#8220; &#8211; Interiman Group\" data-secret=\"qb2TxBNOg2\" frameborder=\"0\" marginwidth=\"0\" marginheight=\"0\" scrolling=\"no\" class=\"wp-embedded-content\"><\/iframe><script>\n\/*! This file is auto-generated *\/\n!function(d,l){\"use strict\";l.querySelector&&d.addEventListener&&\"undefined\"!=typeof URL&&(d.wp=d.wp||{},d.wp.receiveEmbedMessage||(d.wp.receiveEmbedMessage=function(e){var t=e.data;if((t||t.secret||t.message||t.value)&&!\/[^a-zA-Z0-9]\/.test(t.secret)){for(var s,r,n,a=l.querySelectorAll('iframe[data-secret=\"'+t.secret+'\"]'),o=l.querySelectorAll('blockquote[data-secret=\"'+t.secret+'\"]'),c=new RegExp(\"^https?:$\",\"i\"),i=0;i<o.length;i++)o[i].style.display=\"none\";for(i=0;i<a.length;i++)s=a[i],e.source===s.contentWindow&&(s.removeAttribute(\"style\"),\"height\"===t.message?(1e3<(r=parseInt(t.value,10))?r=1e3:~~r<200&&(r=200),s.height=r):\"link\"===t.message&&(r=new URL(s.getAttribute(\"src\")),n=new URL(t.value),c.test(n.protocol))&&n.host===r.host&&l.activeElement===s&&(d.top.location.href=t.value))}},d.addEventListener(\"message\",d.wp.receiveEmbedMessage,!1),l.addEventListener(\"DOMContentLoaded\",function(){for(var e,t,s=l.querySelectorAll(\"iframe.wp-embedded-content\"),r=0;r<s.length;r++)(t=(e=s[r]).getAttribute(\"data-secret\"))||(t=Math.random().toString(36).substring(2,12),e.src+=\"#?secret=\"+t,e.setAttribute(\"data-secret\",t)),e.contentWindow.postMessage({message:\"ready\",secret:t},\"*\")},!1)))}(window,document);\n\/\/# sourceURL=https:\/\/www.interiman-group.ch\/wp-includes\/js\/wp-embed.min.js\n<\/script>\n","thumbnail_url":"https:\/\/www.interiman-group.ch\/wp-content\/uploads\/2022\/02\/Raymond-Knigge-007.jpg","thumbnail_width":1000,"thumbnail_height":667,"description":"Gegenseitiges Zuh\u00f6ren und berechtigter Stolz Raymond Knigge, Pr\u00e4sident und Gr\u00fcnder der Interiman Group, gibt ein neues Rekordjahr bekannt: 2021 war der Umsatz der Unternehmensgruppe dreimal so hoch wie der Marktdurchschnitt. Zur\u00fcckzuf\u00fchren ist dieser Erfolg auf eine Strategie, die bereits seit 1998 die Spezialisierung in den Vordergrund stellt. Die erfolgreiche Umsetzung ist insbesondere dem t\u00e4glichen Engagement [...]Weiterlesen... from"}

Vorwort des Präsidenten 2022 - Interiman Group

<blockquote class="wp-embedded-content" data-secret="qb2TxBNOg2"><a href="https://www.interiman-group.ch/de/vorwort-des-praesidenten-2022/">Vorwort des Präsidenten 2022</a></blockquote><iframe sandbox="allow-scripts" security="restricted" src="https://www.interiman-group.ch/de/vorwort-des-praesidenten-2022/embed/#?secret=qb2TxBNOg2" width="600" height="338" title="&#8222;Vorwort des Präsidenten 2022&#8220; &#8211; Interiman Group" data-secret="qb2TxBNOg2" frameborder="0" marginwidth="0" marginheight="0" scrolling="no" class="wp-embedded-content"></iframe><script>
/*! This file is auto-generated */
!function(d,l){"use strict";l.querySelector&&d.addEventListener&&"undefined"!=typeof URL&&(d.wp=d.wp||{},d.wp.receiveEmbedMessage||(d.wp.receiveEmbedMessage=function(e){var t=e.data;if((t||t.secret||t.message||t.value)&&!/[^a-zA-Z0-9]/.test(t.secret)){for(var s,r,n,a=l.querySelectorAll('iframe[data-secret="'+t.secret+'"]'),o=l.querySelectorAll('blockquote[data-secret="'+t.secret+'"]'),c=new RegExp("^https?:$","i"),i=0;i<o.length;i++)o[i].style.display="none";for(i=0;i<a.length;i++)s=a[i],e.source===s.contentWindow&&(s.removeAttribute("style"),"height"===t.message?(1e3<(r=parseInt(t.value,10))?r=1e3:~~r<200&&(r=200),s.height=r):"link"===t.message&&(r=new URL(s.getAttribute("src")),n=new URL(t.value),c.test(n.protocol))&&n.host===r.host&&l.activeElement===s&&(d.top.location.href=t.value))}},d.addEventListener("message",d.wp.receiveEmbedMessage,!1),l.addEventListener("DOMContentLoaded",function(){for(var e,t,s=l.querySelectorAll("iframe.wp-embedded-content"),r=0;r<s.length;r++)(t=(e=s[r]).getAttribute("data-secret"))||(t=Math.random().toString(36).substring(2,12),e.src+="#?secret="+t,e.setAttribute("data-secret",t)),e.contentWindow.postMessage({message:"ready",secret:t},"*")},!1)))}(window,document);
//# sourceURL=https://www.interiman-group.ch/wp-includes/js/wp-embed.min.js
</script>

Gegenseitiges Zuhören und berechtigter Stolz Raymond Knigge, Präsident und Gründer der Interiman Group, gibt ein neues Rekordjahr bekannt: 2021 war der Umsatz der Unternehmensgruppe dreimal so hoch wie der Marktdurchschnitt. Zurückzuführen ist dieser Erfolg auf eine Strategie, die bereits seit 1998 die Spezialisierung in den Vordergrund stellt. Die erfolgreiche Umsetzung ist insbesondere dem täglichen Engagement [...]Weiterlesen... from
