{"version":"1.0","provider_name":"Interiman Group","provider_url":"https:\/\/www.interiman-group.ch\/it\/","author_name":"mabbet","author_url":"https:\/\/www.interiman-group.ch\/it\/author\/mabbet\/","title":"In che modo GPP sviluppa l\u2019Espace Mittelland - Interiman Group","type":"rich","width":600,"height":338,"html":"<blockquote class=\"wp-embedded-content\" data-secret=\"WqntMOTi4h\"><a href=\"https:\/\/www.interiman-group.ch\/it\/in-che-modo-gpp-sviluppa-lespace-mittelland\/\">In che modo GPP sviluppa l\u2019Espace Mittelland<\/a><\/blockquote><iframe sandbox=\"allow-scripts\" security=\"restricted\" src=\"https:\/\/www.interiman-group.ch\/it\/in-che-modo-gpp-sviluppa-lespace-mittelland\/embed\/#?secret=WqntMOTi4h\" width=\"600\" height=\"338\" title=\"&#8220;In che modo GPP sviluppa l\u2019Espace Mittelland&#8221; &#8212; Interiman Group\" data-secret=\"WqntMOTi4h\" frameborder=\"0\" marginwidth=\"0\" marginheight=\"0\" scrolling=\"no\" class=\"wp-embedded-content\"><\/iframe><script>\n\/*! This file is auto-generated *\/\n!function(d,l){\"use strict\";l.querySelector&&d.addEventListener&&\"undefined\"!=typeof URL&&(d.wp=d.wp||{},d.wp.receiveEmbedMessage||(d.wp.receiveEmbedMessage=function(e){var t=e.data;if((t||t.secret||t.message||t.value)&&!\/[^a-zA-Z0-9]\/.test(t.secret)){for(var s,r,n,a=l.querySelectorAll('iframe[data-secret=\"'+t.secret+'\"]'),o=l.querySelectorAll('blockquote[data-secret=\"'+t.secret+'\"]'),c=new RegExp(\"^https?:$\",\"i\"),i=0;i<o.length;i++)o[i].style.display=\"none\";for(i=0;i<a.length;i++)s=a[i],e.source===s.contentWindow&&(s.removeAttribute(\"style\"),\"height\"===t.message?(1e3<(r=parseInt(t.value,10))?r=1e3:~~r<200&&(r=200),s.height=r):\"link\"===t.message&&(r=new URL(s.getAttribute(\"src\")),n=new URL(t.value),c.test(n.protocol))&&n.host===r.host&&l.activeElement===s&&(d.top.location.href=t.value))}},d.addEventListener(\"message\",d.wp.receiveEmbedMessage,!1),l.addEventListener(\"DOMContentLoaded\",function(){for(var e,t,s=l.querySelectorAll(\"iframe.wp-embedded-content\"),r=0;r<s.length;r++)(t=(e=s[r]).getAttribute(\"data-secret\"))||(t=Math.random().toString(36).substring(2,12),e.src+=\"#?secret=\"+t,e.setAttribute(\"data-secret\",t)),e.contentWindow.postMessage({message:\"ready\",secret:t},\"*\")},!1)))}(window,document);\n\/\/# sourceURL=https:\/\/www.interiman-group.ch\/wp-includes\/js\/wp-embed.min.js\n<\/script>\n","thumbnail_url":"https:\/\/www.interiman-group.ch\/wp-content\/uploads\/2022\/12\/AdobeStock_290681032.jpg","thumbnail_width":1920,"thumbnail_height":1280,"description":"A partire dallo scorso novembre, le agenzie di Global Personal Partner (GPP) dell&#8217;Espace Mittelland si trovano sotto la responsabilit\u00e0 di Andr\u00e9 Affolter. Appena nominato, Affolter si \u00e8 dovuto confrontare con la crisi del coronavirus che, sebbene non abbia colpito la Svizzera tedesca quanto quella romanda, ha comunque avuto ripercussioni sul mercato economico. Ma le cinque [...]Leggi tutto... from"}

A partire dallo scorso novembre, le agenzie di Global Personal Partner (GPP) dell&#8217;Espace Mittelland si trovano sotto la responsabilità di André Affolter. Appena nominato, Affolter si è dovuto confrontare con la crisi del coronavirus che, sebbene non abbia colpito la Svizzera tedesca quanto quella romanda, ha comunque avuto ripercussioni sul mercato economico. Ma le cinque [...]Leggi tutto... from
